011101120
Convert -20b323 (base 12) to base 11.
-32358a
Convert 1001011000010001 (base 2) to base 16.
9611
135f5 (base 16) to base 12
39b05
What is 1b610 (base 13) in base 7?
312502
Convert -a38a24 (base 11) to base 16.
-196d0d
What is 283a2 (base 16) in base 13?
59cc8
240315 (base 8) to base 3
11011122200
What is -19399036 (base 10) in base 14?
-280d896
-1101201220000 (base 3) to base 5
-142232040
133d76 (base 16) to base 8
4636566
-5351544 (base 6) to base 9
-441421
Convert 250692 (base 15) to base 12.
716302
770574 (base 10) to base 3
1110011000210
Convert 22989a (base 15) to base 13.
45b107
Convert -20012001000 (base 3) to base 7.
-1015005
What is -db3ad (base 14) in base 11?
-3324a1
Convert 51243671 (base 8) to base 11.
6129102
Convert -3565636 (base 8) to base 15.
-144ad2
Convert -412b6b (base 16) to base 11.
-2457917
-66620 (base 9) to base 7
-242664
Convert -1223154 (base 11) to base 3.
-11000001212011
Convert 68f955 (base 16) to base 12.
2379299
What is -231326 (base 8) in base 12?
-3955a
-4806077 (base 9) to base 5
-1131240400
209669 (base 14) to base 7
12235462
What is 13111331333 (base 4) in base 6?
105131555
What is 231411444 (base 5) in base 12?
424640
7d6b70 (base 15) to base 2
10110111000000000100100
What is 453748 (base 14) in base 16?
23e794
What is 182a0 (base 15) in base 5?
10000400
112c803 (base 13) to base 4
110021301333
Convert -26115203 (base 7) to base 4.
-21003211310
What is -233725 (base 11) in base 10?
-370892
5677123 (base 8) to base 9
2806021
Convert d8475 (base 16) to base 3.
1200000012021
175667 (base 9) to base 12
53214
384254 (base 10) to base 6
12122542
Convert 321b84 (base 12) to base 5.
200311010
-15220402 (base 6) to base 11
-333368
7a2c0 (base 13) to base 15
45d61
Convert -358d6 (base 15) to base 10.
-170751
Convert -22d1 (base 14) to base 4.
-1132233
Convert 2ac1c (base 15) to base 4.
201213333
What is -4b0a0 (base 16) in base 15?
-6110a
What is -77298 (base 11) in base 12?
-54aa1
Convert -3430302213 (base 5) to base 3.
-112102110200110
Convert 2025422 (base 7) to base 15.
4baa2
Convert -12320311 (base 6) to base 16.
-617b3
What is -1110000111101110011011 (base 2) in base 16?
-387b9b
13452643 (base 8) to base 7
34545000
Convert 110110011100101 (base 2) to base 9.
42214
What is 11010110101010 (base 2) in base 14?
5014
Convert -9aca2 (base 14) to base 8.
-1335576
-11822e (base 15) to base 5
-203244434
-1111110010101110001100 (base 2) to base 11
-2378420
What is 174caa (base 14) in base 6?
25325142
Convert -273325 (base 13) to base 6.
-32204254
What is -1774368 (base 9) in base 11?
-619835
2051417 (base 8) to base 11
342976
What is -c2b2d (base 16) in base 6?
-25032021
What is -160b410 (base 12) in base 14?
-8515c8
What is -a75a (base 11) in base 7?
-56315
What is 545203251 (base 6) in base 5?
10000024112
5183a74 (base 12) to base 8
72437070
3245642 (base 7) to base 10
398204
What is 2bd3d (base 14) in base 4?
122300303
Convert 2154402 (base 8) to base 10.
579842
What is -1121113230 (base 5) in base 9?
-4660474
Convert -1874845 (base 11) to base 6.
-151530205
What is 1010001111110010001 (base 2) in base 9?
561517
5a5c04 (base 13) to base 10
2155092
100100000111010011000011 (base 2) to base 14
1386159
Convert 10110001010101011 (base 2) to base 11.
62241
What is 121101010011 (base 3) in base 11?
200173
-15c699 (base 14) to base 12
-30a267
What is 2276335 (base 10) in base 2?
1000101011101111101111
What is -601606 (base 9) in base 8?
-1266273
Convert -366f9 (base 16) to base 5.
-24113334
6672132 (base 8) to base 10
1799258
Convert -122330213 (base 5) to base 7.
-5003315
-34f6a (base 16) to base 9
-360522
What is 127 (base 10) in base 12?
a7
What is 3b365 (base 15) in base 5?
22033040
Convert -1b227 (base 16) to base 13.
-3b786
What is -111100220 (base 3) in base 7?
-40260
What is -993343 (base 11) in base 3?
-2222120002002
What is -548969 (base 12) in base 15?
-1b7ac0
-57b01b9 (base 12) to base 11
-95a3350
10011011110101011110 (base 2) to base 13
1946c2
Convert -2020005 (base 6) to base 4.
-113122211
11025 (base 8) to base 7
16332
Convert 2b2da (base 14) to base 9.
173535
-58a617 (base 12) to base 7
-15065611
21101100221 (base 3) to base 16
237bb
1843215 (base 11) to base 13
854502
Convert -10000110011010001000111 (base 2) to base 7.
-52302340
8264661 (base 9) to base 11
2544158
Convert 863685 (base 10) to base 5.
210114220
-3b472bc (base 13) to base 15
-19942cb
-321332330311 (base 4) to base 8
-71767465
541bd1 (base 14) to base 12
b540a3
What is -142153005 (base 6) in base 15?
-3c678b
Convert 18167678 (base 9) to base 16.
8b718c
What is 130520 (base 9) in base 6?
1410243
What is 122202110 (base 3) in base 5?
403240
What is -12022012222010 (base 3) in base 9?
-5265863
26187 (base 10) to base 4
12121023
Convert 2112022122 (base 3) to base 8.
141215
-240a911 (base 11) to base 16
-401d09
Convert 1903265 (base 10) to base 6.
104443225
Convert 349c8 (base 15) to base 9.
274788
-45284 (base 9) to base 3
-1112022211
What is 2313202201 (base 4) in base 14?
157d85
Convert 741 (base 10) to base 12.
519
Convert 1453123 (base 7) to base 8.
602531
What is 37bb86 (base 12) in base 11?
573502
Convert 173759 (base 12) to base 10.
400245
What is -225734 (base 10) in base 9?
-373575
33503155 (base 6) to base 11
636965
What is -110523602 (base 7) in base 16?
-65e7ea
Convert -41333124 (base 7) to base 4.
-31033103031
Convert 120010211210 (base 3) to base 14.
7a891
1485a5 (base 12) to base 13
c18c8
303215214 (base 6) to base 16
4f4c1a
Convert 30041231 (base 5) to base 4.
321320022
Convert -11010112212 (base 3) to base 10.
-81320
Convert -9aa06 (base 12) to base 5.
-23032400
-327321 (base 12) to base 8
-3033411
Convert -1045312 (base 7) to base 2.
-11111100001100100
What is -197a (base 16) in base 10?
-6522
Convert 940295 (base 13) to base 4.
31023311111
101100010010001001001 (base 2) to base 6
51033545
-51401234 (base 7) to base 6
-232121322
Convert 25748 (base 14) to base 11.
63126
-77437710 (base 8) to base 16
-fe3fc8
What is -13b8b64 (base 12) in base 15?
-53815a
-11122113301 (base 4) to base 12
-585041
-2134475 (base 8) to base 10
-571709
Convert -330130231 (base 4) to base 9.
-416567
What is 1921265 (base 13) in base 12?
2909822
-12212022122 (base 3) to base 11
-79793
-13457163 (base 8) to base 10
-3038835
Convert -3b42ab (base 12) to base 3.
-1211212221112
What is -34155344 (base 6) in base 5?
-231320104
Convert 121221201122110 (base 3) to base 14.
12a7485
2751 (base 11) to base 3
11220001
56b020 (base 12) to base 13
397791
-800016 (base 10) to base 11
-4a7078
What is -3122133201 (base 4) in base 14?
-194209
11214132 (base 6) to base 7
2632652
-13023131002 (base 4) to base 2
-111001011011101000010
Convert 1012211010222 (base 3) to base 12.
271a15
What is -501450 (base 8) in base 6?
-3310132
-2362233 (base 8) to base 15
-cc182
What is 333566 (base 10) in base 12?
141052
What is -31122102 (base 4) in base 12?
-27956
What is -103132203003 (base 4) in base 16?
-4de8c3
-1255216 (base 7) to base 4
-220103212
Convert 811070 (base 10) to base 8.
3060076
10051524 (base 6) to base 2
1000110000001101100
Convert 100111100010100001101 (base 2) to base 4.
10330110031
Convert -12213011212 (base 4) to base 16.
-1a7166
-1201100022212 (base 3) to base 2
-11011110101101011010
-1202002021 (base 3) to base 11
-23874
What is -1b979 (base 15) in base 16?
-15f21
Convert -2a9c944 (base 13) to base 16.
-d04e52
What is -55b204 (base 12) in base 5?
-322222030
Convert ac794 (base 14) to base 5.
101343330
What is -392b93 (base 13) in base 4?
-11100100111
What is -2410207 (base 8) in base 5?
-132101331
What is -bd249 (base 14) in base 11?
-2936a5
What is 566311 (base 11) in base 13?
257413
434301 (base 5) to base 3
202111202
1111110111110010 (base 2) to base 7
360351
Convert -32c31 (base 13) to base 7.
-532434
What is -1121211220221 (base 3) in base 8?
-3225550
Convert -2334637 (base 8) to base 6.
-21354355
-1a3847 (base 12) to base 6
-13525331
What is 333013 (base 4) in base 6?
30411
Convert 10001010011010 (base 2) to base 9.
13132
What is -125452522 (base 7) in base 11?
-4619949
Convert 195b1 (base 14) to base 10.
64247
What is 6a331a (base 11) in base 9?
2082324
Convert 2667008 (base 10) to base 8.
12131000
10cdfd (base 16) to base 12
4513b9
What 